 3*l = -371, -23*l - 3 = -20*l. Calculate the highest common divisor of g and 6.
2
Suppose 9*t - 6 = 11*t. Let x = 20 + t. Suppose -7*b + 11*b - 612 = 0. Calculate the highest common factor of x and b.
17
Let g(v) = -2*v**3 - 24*v**2 + 2*v + 52. Let w be g(-13). Calculate the highest common divisor of w and 169.
13
Let x = 25 + -20. Suppose -u = 3*m - 71, -2*m + m + 5 = 5*u. What is the highest common factor of m and x?
5
Suppose 4*u - 3*s = -1270, -2*s - 1227 - 53 = 4*u. Let d be u/(-33)*(0 + 3). Calculate the greatest common factor of d and 203.
29
Suppose 3*i + 9 = -0. Let v = i - -12. Let n(r) = r**3 - 8*r**2 - 7*r - 3. Let w be n(v). What is the greatest common factor of 6 and w?
3
Suppose 4*d - 3*d = -3*b + 19, -3*b - 2*d + 14 = 0. Suppose 3*x + b - 47 = 0. What is the highest common divisor of 104 and x?
13
Let b = -229 + 267. What is the highest common divisor of b and 76?
38
Suppose -2*u - 190 - 34 = 0. Let w = 66 + u. Let n = 182 + w. Calculate the greatest common factor of 17 and n.
17
Let m be (-63)/(2 + (-14)/4). Let u be (-10160)/(-22) - (-80)/440. What is the greatest common factor of m and u?
42
Let i = 32 - 12. Let k = -235 + 460. Let b = k - 5. Calculate the highest common divisor of i and b.
20
Let r(c) = c**2 - 6*c + 14. Let p be r(4). What is the highest common divisor of p and 222?
6
Let m = -76 + 75. Let h be (4/(-6))/((-6)/(-63))*m. What is the highest common divisor of 49 and h?
7
Suppose 7*b - 3*b - 710 = -5*f, 169 = b - 3*f. Calculate the greatest common divisor of b and 28.
7
Let w(v) = -2*v + 6. Let h be w(-4). Let x be 4/6 - 8/(-6). What is the greatest common factor of x and h?
2
Let u be (-18)/90 - 4/((-40)/1022). Calculate the greatest common factor of 6 and u.
6
Suppose 4 = 4*a + 24, 2*o - 5*a = 123. Suppose -36 = -t + o. What is the highest common factor of 17 and t?
17
Let c be (737/(-44) - -10)*-4. Let i = -28 - -46. What is the highest common factor of c and i?
9
Let m = -19 - 8. Let j = m - -49. What is the greatest common divisor of 176 and j?
22
Let z = -808 - -1160. Suppose -6*j - 10*j = -z. Calculate the greatest common divisor of 99 and j.
11
Let l be -3 - -1 - 18/(-2). Let a(f) = 3*f**2 - 2*f - 5. Let q be a(4). What is the highest common divisor of l and q?
7
Let x = -9 - -24. Calculate the greatest common divisor of x and 75.
15
Suppose 1343 = 7*r + 1238. What is the greatest common factor of 480 and r?
15
Let d(i) = 13*i - 44. Let q be d(-13). Let j = q + 301. Let u be (-3)/((-30)/(-4))*-55. Calculate the highest common divisor of j and u.
22
Let i(q) = -2*q + 10. Let d be i(5). Suppose 0*l - 4*l + 92 = d. Let a be 2*2*(l + -5). Calculate the highest common factor of a and 8.
8
Let b(g) = -2*g**3 - 5*g**2 + g. Let a be b(-5). Calculate the highest common factor of a and 24.
24
Let x(g) = 11*g**2 - 112*g + 25. Let i be x(11). What is the greatest common divisor of 279 and i?
31
Suppose -4*v - 2*k + 644 = -178, 2*v - 441 = 5*k. Calculate the highest common divisor of 1144 and v.
104
Suppose 4*w - 127 = 433. Suppose 0 = 4*k + 3*n - 121 + 26, 15 = k - n. Calculate the greatest common factor of w and k.
20
Let v be (2/1 - 2)/(-2). Let a(g) = -g**2 - g - 16. Let m be a(v). Let t = -13 - m. Calculate the greatest common divisor of 21 and t.
3
Let q be 0*((-2)/(-4))/1. Let f be (1 - q) + 0 + 11. Suppose -3*w - 22 = -3*u - 205, u = -3*w + 179. Calculate the highest common factor of w and f.
12
Suppose -6 = 5*q - u - 0, 3*u = 5*q + 8. Let j be 57 + (q - 0/(-3 + 0)). What is the greatest common divisor of 14 and j?
14
Suppose 2*y - 268 = -3*m + 682, 4*m - 1255 = -5*y. Calculate the highest common divisor of m and 2.
2
Suppose 0*i = 4*a - 5*i - 27, -i = -2*a + 9. Suppose -7*h + 20 = -a*h, -3*x + 3*h + 153 = 0. Calculate the greatest common factor of x and 8.
8
Let j = 186 - 177. Calculate the greatest common divisor of 24 and j.
3
Suppose -8*h - 8 + 0 = 0. Let p be 24 + -1 - (0 + 4*h). What is the highest common divisor of 54 and p?
27
Let c = 5 - 5. Let z = 6 + c. Suppose -z = 2*f - 72. What is the greatest common factor of 99 and f?
33
Suppose 5*o + 25 = 0, -2*o + 111 + 23 = -3*p. Let c = -65 + 39. Let y = c - p. Calculate the highest common divisor of y and 2.
2
Let z = 330 - 289. What is the greatest common factor of 328 and z?
41
Let q(w) = -10*w + 1. Let k be q(-1). Let p(t) = 4*t**2 - 105*t + 7. Let r be p(27). What is the highest common divisor of r and k?
11
Let w(x) = 32*x - 154. Let m be w(11). Let v be (-4)/(-26) + 1136/52. Calculate the greatest common factor of v and m.
22
Let f(n) = n**3 - n**2 + 2*n - 3. Let p be f(2). Let y(d) = -2*d - 3 + 2 + 5*d**2 + 0*d + 6*d**2. Let l be y(p). What is the greatest common factor of l and 24?
24
Let o = -68 - -75. Let x = -2 + 2. Suppose x*l = -l + o. What is the greatest common factor of 63 and l?
7
Let t = -115 + 179. Let l = -3911 - -3919. What is the highest common divisor of l and t?
8
Let f(b) = 5*b + 7. Let i(s) = 9*s + 13. Let y(o) = -5*f(o) + 3*i(o). Let w be y(4). What is the greatest common divisor of w and 108?
12
Suppose 0*u - 612 = 4*u. Let d be (-5 + u)/(-3 - -1). Let i = d + -23. Calculate the greatest common factor of i and 8.
8
Let l = 105 - 78. Calculate the highest common factor of 90 and l.
9
Let d(i) = -34*i + 2. Let q be d(2). Let s = q + 131. Let x be s/15*(-1 + 4). Calculate the highest common factor of x and 26.
13
Suppose 85 = -20*m + 3585. Calculate the highest common factor of 70 and m.
35
Suppose -2*y - 242 = -0*y. Let p = y + 231. Let k(g) = -g**3 + 8*g**2 + 3*g - 14. Let w be k(8). Calculate the greatest common divisor of w and p.
10
Suppose 186*s = 161*s + 1650. What is the highest common factor of s and 242?
22
Let o be (-16)/48 - 67/(-3). Let z be o*(3 + 21/(-6)). Let l(r) = r**3 + 11*r**2 + 3. Let d be l(z). Calculate the highest common factor of 2 and d.
1
Suppose 0 = 6*y + 25 - 91. Suppose 4*w - 205 = 191. Calculate the highest common divisor of w and y.
11
Suppose -52 = -3*z - 0*z - 4*c, -43 = -2*z - c. What is the greatest common factor of 32 and z?
8
Let c = -466 - -484. What is the highest common divisor of 102 and c?
6
Let x be ((-62)/4)/((-5)/10). Calculate the highest common divisor of x and 496.
31
Let y(s) = 187*s + 109. Let g be y(9). What is the highest common factor of 56 and g?
56
Let n be (38/(-6) - -6)*-369 + 5. What is the greatest common divisor of n and 8?
8
Let h be (30/(-8))/((-51)/136). Calculate the highest common factor of h and 130.
10
Let v(x) be the third derivative of x**2 + 0 - 1/3*x**3 - 37/12*x**4 + 0*x. Let r be v(-1). Calculate the greatest common factor of r and 24.
24
Suppose -x + 1508 = 4*w, -w + 4*x + 13 = -381. Calculate the greatest common factor of 108 and w.
54
Let v = 193 - 173. Suppose 15*p - 19*p + 880 = 0. Calculate the greatest common factor of p and v.
20
Let u be 1 + 0 + 1 + 18. Suppose -t - 3*t = 5*v - 41, 0 = -5*v - 3*t + 37. Calculate the greatest common factor of v and u.
5
Let z(j) = -46*j**3 + j**2 - j + 1. Let c be z(1). Let i = -30 - c. Suppose 2*m + 8 = 5*h - i, 0 = m + 4. Calculate the highest common divisor of h and 21.
3
Let f be (-12)/(-18)*9 + (156 - -3). Let n = 122 + -12. Calculate the highest common divisor of n and f.
55
Suppose 17*x - 4185 = -1601. Calculate the highest common factor of 228 and x.
76
Suppose -3*w - 8 - 1 = 0, 0 = -4*m - 4*w + 8. Suppose -y - 224 = -m*y. Let g be (13 - 5) + -2 + 1. What is the greatest common factor of g and y?
7
Suppose -4746 + 291 = -27*d. Calculate the highest common factor of 99 and d.
33
Let l = -78 + 91. Suppose -3*w = 5*o - 248, -w - 252 = -5*o - 3*w. What is the greatest common factor of l and o?
13
Let v be -6 - (-95 - 1/(6/(-12))). Calculate the highest common factor of v and 261.
87
Let l = 325 + -291. What is the highest common divisor of l and 187?
17
Let h = -51 + 81. Suppose 2*k - h = 234. Suppose -2*t + 6*t - 4 = 0, -17 = -s - 5*t. What is the highest common divisor of k and s?
12
Let p(w) = 57*w**2 - 4*w - 4. Suppose 11*r + 1 + 21 = 0. Let f be p(r). What is the greatest common factor of 29 and f?
29
Suppose -1763 = -9*j + 7741. Suppose 30*k + j = 33*k. Calculate the highest common factor of k and 32.
32
Let w(q) = -q**2 + 91. Let a be w(-7). Calculate the greatest common divisor of 48 and a.
6
Let y